
-5
3 (base 16) to base 13
3
-3 (base 15) to base 12
-3
Convert -32 (base 4) to base 7.
-20
What is -213 (base 5) in base 6?
-134
Convert 3 (base 15) to base 14.
3
What is 2 (base 7) in base 16?
2
Convert 23 (base 6) to base 2.
1111
-13 (base 4) to base 3
-21
0 (base 9) to base 12
0
What is -7 (base 12) in base 2?
-111
6 (base 13) to base 11
6
-225 (base 13) to base 6
-1413
What is -160 (base 11) in base 2?
-10111011
0 (base 4) to base 14
0
What is -1 (base 8) in base 15?
-1
2112 (base 3) to base 11
62
Convert -3 (base 9) to base 5.
-3
11 (base 3) to base 13
4
-4 (base 10) to base 4
-10
-2121 (base 3) to base 16
-46
Convert 63 (base 15) to base 5.
333
Convert 49 (base 12) to base 10.
57
Convert -404 (base 10) to base 5.
-3104
Convert 89 (base 12) to base 8.
151
Convert 8 (base 15) to base 9.
8
Convert -4 (base 11) to base 12.
-4
Convert -21 (base 6) to base 4.
-31
Convert -a8 (base 13) to base 12.
-b6
0 (base 11) to base 12
0
What is -73 (base 15) in base 6?
-300
What is -10 (base 3) in base 16?
-3
-1 (base 10) to base 12
-1
What is 245 (base 12) in base 13?
203
What is -42 (base 6) in base 5?
-101
0 (base 11) to base 14
0
-4 (base 10) to base 6
-4
What is -61 (base 16) in base 6?
-241
What is -9b (base 15) in base 9?
-172
What is -10 (base 4) in base 16?
-4
42 (base 14) to base 9
64
8 (base 11) to base 4
20
What is 0 (base 14) in base 9?
0
What is b (base 15) in base 16?
b
12 (base 4) to base 9
6
Convert 1 (base 10) to base 7.
1
Convert -12000 (base 3) to base 14.
-99
Convert 4 (base 13) to base 6.
4
Convert 8 (base 13) to base 10.
8
Convert 4 (base 5) to base 6.
4
212 (base 3) to base 4
113
What is -20 (base 12) in base 3?
-220
Convert 0 (base 13) to base 6.
0
0 (base 14) to base 11
0
Convert -20 (base 5) to base 16.
-a
Convert 8 (base 14) to base 5.
13
Convert 1 (base 11) to base 10.
1
What is -3 (base 15) in base 4?
-3
7 (base 16) to base 11
7
-1 (base 7) to base 4
-1
Convert 141 (base 5) to base 2.
101110
Convert -38 (base 16) to base 11.
-51
-19 (base 16) to base 13
-1c
-23 (base 11) to base 13
-1c
What is 375 (base 9) in base 13?
1ac
Convert 16 (base 15) to base 16.
15
Convert 14 (base 16) to base 14.
16
4 (base 13) to base 11
4
What is -16d (base 16) in base 12?
-265
Convert -102 (base 3) to base 7.
-14
What is -431 (base 6) in base 14?
-b9
What is -34 (base 8) in base 14?
-20
Convert 3 (base 12) to base 16.
3
Convert 11 (base 15) to base 8.
20
Convert 3 (base 8) to base 13.
3
Convert 54 (base 6) to base 11.
31
Convert 11 (base 3) to base 2.
100
13 (base 14) to base 16
11
Convert -102 (base 3) to base 10.
-11
Convert -203 (base 13) to base 3.
-110122
-142 (base 7) to base 3
-2221
-b (base 12) to base 13
-b
What is 4 (base 14) in base 5?
4
-d2 (base 16) to base 9
-253
What is 2 (base 6) in base 7?
2
Convert -1312 (base 5) to base 8.
-317
What is -153 (base 9) in base 4?
-2001
What is -3 (base 4) in base 12?
-3
-105 (base 10) to base 5
-410
What is -11 (base 13) in base 2?
-1110
-30 (base 4) to base 16
-c
Convert 171 (base 9) to base 6.
401
What is 16 (base 14) in base 15?
15
Convert -113 (base 4) to base 7.
-32
What is 1000 (base 2) in base 13?
8
Convert 2 (base 14) to base 7.
2
What is -20 (base 14) in base 6?
-44
What is 4 (base 9) in base 2?
100
What is 10 (base 5) in base 10?
5
Convert -1035 (base 6) to base 2.
-11101111
12 (base 16) to base 7
24
What is -21210 (base 3) in base 12?
-156
What is -2 (base 15) in base 10?
-2
Convert a (base 12) to base 7.
13
Convert -12 (base 12) to base 2.
-1110
Convert -61 (base 10) to base 7.
-115
What is c (base 15) in base 6?
20
What is -28 (base 9) in base 13?
-20
What is 43 (base 8) in base 12?
2b
Convert 32 (base 10) to base 4.
200
-7 (base 14) to base 13
-7
What is -134 (base 8) in base 5?
-332
2e (base 16) to base 2
101110
Convert -3 (base 6) to base 8.
-3
Convert -45 (base 7) to base 2.
-100001
What is 1021 (base 6) in base 13?
148
-6 (base 9) to base 16
-6
What is 1 (base 10) in base 9?
1
Convert -2 (base 6) to base 4.
-2
What is -4 (base 5) in base 10?
-4
Convert 8 (base 13) to base 8.
10
-100 (base 6) to base 10
-36
4 (base 6) to base 3
11
Convert -3 (base 16) to base 7.
-3
What is 7 (base 10) in base 7?
10
What is -1000 (base 2) in base 5?
-13
Convert 8 (base 9) to base 12.
8
Convert -1b (base 14) to base 16.
-19
2 (base 12) to base 5
2
What is 9 (base 15) in base 8?
11
14 (base 12) to base 14
12
-1 (base 8) to base 4
-1
-1 (base 2) to base 13
-1
Convert 34 (base 11) to base 6.
101
What is 1 (base 3) in base 6?
1
What is -153 (base 8) in base 5?
-412
Convert 1 (base 11) to base 16.
1
70 (base 9) to base 2
111111
53 (base 6) to base 15
23
What is -63 (base 11) in base 15?
-49
0 (base 6) to base 12
0
Convert 1 (base 15) to base 5.
1
What is -3 (base 6) in base 13?
-3
Convert 41 (base 7) to base 13.
23
Convert 2143 (base 5) to base 10.
298
Convert -1 (base 6) to base 2.
-1
Convert -14 (base 6) to base 11.
-a
What is -1221 (base 3) in base 15?
-37
-2 (base 7) to base 12
-2
What is 11 (base 2) in base 6?
3
Convert 271 (base 9) to base 12.
16a
What is -6 (base 15) in base 10?
-6
Convert 11 (base 7) to base 16.
8
What is 136 (base 8) in base 10?
94
What is -2102 (base 3) in base 2?
-1000001
-33 (base 9) to base 7
-42
-30 (base 5) to base 7
-21
What is 42 (base 11) in base 16?
2e
-43 (base 8) to base 6
-55
What is -1 (base 4) in base 15?
-1
What is 3 (base 11) in base 4?
3
39 (base 13) to base 6
120
20221 (base 3) to base 15
c7
Convert -2 (base 9) to base 5.
-2
What is 19 (base 10) in base 14?
15
What is 262 (base 7) in base 9?
167
Convert 12 (base 13) to base 7.
21
-5 (base 6) to base 16
-5
Convert 4 (base 6) to base 5.
4
What is 99 (base 11) in base 7?
213
What is -5 (base 6) in base 16?
-5
What is 14 (base 9) in base 13?
10
Convert 3 (base 11) to base 13.
3
Convert -10011 (base 3) to base 8.
-125
-3 (base 12) to base 3
-10
What is 1011100 (base 2) in base 12?
78
Convert -1 (base 12) to base 10.
-1
0 (base 7) to base 14
0
Convert -21 (base 3) to base 9.
-7
What is -145 (base 14) in base 3?
-100112
2 (base 4) to base 2
10
2 (base 16) to base 7
2
Convert -324 (base 9) to base 5.
-2030
Convert 0 (base 16) to base 5.
0
-16 (base 9) to base 16
-f
What is -1040 (base 5) in base 15?
-9a
Convert -2 (base 8) to base 16.
-2
What is -4 (base 16) in base 9?
-4
What is 233 (base 4) in base 5?
142
What is -5 (base 11) in base 2?
-101
Convert -11 (base 3) to base 7.
-4
15 (base 6) to base 7
14
-3 (base 16) to base 6
-3
4 (base 9) to base 5
4
What is -25 (base 15) in base 4?
-203
What is -16 (base 16) in base 13?
-19
Convert 6 (base 12) to base 15.
6
What is 7e (base 16) in base 8?
176
What is -111101 (base 2) in base 11?
-56
Convert -211 (base 3) to base 6.
-34
Convert b (base 15) to base 10.
11
Convert 51 (base 12) to base 2.
111101
What is -1 (base 12) in base 15?
-1
a2 (base 15) to base 12
108
111 (base 3) to base 5
23
What is 26 (base 11) in base 10?
28
Convert -2 (base 10) to base 2.
-10
Convert -1 (base 12) to base 4.
-1
Convert 6 (base 8) to base 12.
6
What is -202 (base 3) in base 8?
-24
What is -5 (base 9) in base 11?
-5
110 (base 2) to base 7
6
Convert -100 (base 4) to base 6.
-24
-4 (base 12) to base 9
-4
What is 1 (base 11) in base 6?
1
16 (base 11) to base 10
17
What is -16 (base 8) in base 2?
-1110
3 (base 8) to base 14
3
-115 (base 11) to base 13
-a7
Convert -16 (base 11) to base 7.
-23
Convert e (base 16) to base 14.
10
Convert -179 (base 10) to base 9.
-218
Convert 2 (base 8) to base 14.
2
Convert -2 (base 7) to base 4.
-2
What is 1020 (base 3) in base 16?
21
Convert -45 (base 14) to base 13.
-49
What is 13 (base 4) in base 15?
7
Convert 0 (base 6) to base 5.
0
Convert -26 (base 14) to base 11.
-31
Convert -16 (base 10) to base 9.
-17
What is 5 (base 11) in base 3?
12
Convert 2 (base 4) to base 16.
2
What is 33 (base 13) in base 2?
101010
-141 (base 8) to base 13
-76
-1011 (base 2) to base 10
-11
Convert 6 (base 14) to base 4.
12
Convert 3 (base 11) to base 7.
3
Convert 22 (base 11) to base 3.
220
What is 17a (base 12) in base 4?
3232
-1 (base 4) to base 6
-1
What is -20 (base 3) in base 9?
-6
-2 (base 16) to base 6
-2
-111 (base 7) to base 6
-133
-52 (base 10) to base 7
-103
What is 3 (base 16) in base 11?
3
-8 (base 10) to base 11
-8
Convert -11 (base 13) to base 5.
-24
Convert -7 (ba